22. Let n = q + -14. Calculate the highest common factor of n and l.
11
Let o = 138 + -106. Calculate the highest common divisor of 20 and o.
4
Suppose 4*z - 240 = -3*s, 3*s - 114 = -11*z + 9*z. Calculate the highest common divisor of 14 and z.
7
Let s be ((-420)/(-5))/12 - -217. What is the greatest common factor of 416 and s?
32
Let m = 73 + -70. Suppose -3*a = -2*l - 4*a + 86, 124 = m*l - a. What is the greatest common divisor of l and 56?
14
Let k be (-3 - -4)*-1*-20. Suppose j = 4*j - 33. Let p = j - 3. Calculate the highest common factor of k and p.
4
Let k be (-23)/(138/36) - (-1836)/2. Calculate the highest common divisor of 144 and k.
48
Let j(s) = s**2 - 26*s + 31. Let f be j(16). Let c = -75 - f. Suppose -126 = 5*x - 306. What is the highest common factor of x and c?
18
Suppose -5*p + 20*p = 120. Let g be p*(-2 - 0)/12*-120. What is the greatest common divisor of 32 and g?
32
Let c(s) = -7*s - 10. Let x be c(-10). Calculate the greatest common divisor of x and 110.
10
Let q be (18 + -3)*(-2)/(-6). Suppose -2*f + 5*g = -27, q*f - 84 = -8*g + 4*g. What is the highest common divisor of f and 40?
8
Let a(h) = 20 + 5 + 6 + 6 + h. Let j be a(-13). What is the highest common divisor of 6 and j?
6
Let b be (8 - (-234)/(-30)) + 79/5. What is the highest common divisor of b and 2?
2
Let m be ((0 - 2) + 3)*6. Let u be 15/m*9/(225/20). Calculate the greatest common divisor of u and 1.
1
Let q be 2 + 0/(-2) + -10. Let v be ((-18)/(-12))/(3/q). Let n be 1872/(-32)*v/6. What is the highest common divisor of n and 13?
13
Let k = 58 + -27. Let a = 37 - k. Calculate the highest common divisor of 66 and a.
6
Let o = -340 - -428. What is the highest common factor of o and 902?
22
Suppose -15*t + 18*t - 57 = 0. Let o(x) = x - 9. Let m be o(t). Suppose 3*a - 33 = 42. What is the highest common divisor of m and a?
5
Suppose 0 = 4*m - 4, -372*f + 3*m - 66 = -375*f. What is the highest common factor of f and 301?
7
Suppose -3*p - 3 = 0, 0*i + 45 = i - 5*p. Suppose -3*n + 8 + 4 = 0, -4*n = t + 16. Let w be 31/4 + (-8)/t. Calculate the greatest common factor of w and i.
8
Suppose -2*j = -1 - 59. Let h be ((-18)/8)/((-7)/140). Calculate the highest common factor of j and h.
15
Suppose -25 = -2*h + 475. Suppose -4*i - 36 = l, 2*i - i = 3*l + 43. Let b be (l/(-20))/(4/h). What is the greatest common factor of b and 10?
10
Let c(h) = 24*h**2 + h - 4. Let q be c(10). What is the highest common divisor of q and 6?
6
Suppose 9*r + 3*r - 3888 = 0. What is the greatest common factor of 540 and r?
108
Let x(h) = 5*h**2 - 29*h + 99. Let y be x(6). Calculate the greatest common divisor of 84 and y.
21
Let z = 24 - 20. Let m(w) = 2*w**2 - 4*w + 4. Let r be m(z). Suppose -4*y - 5*n = -100, 5*y - n = 3*n + 84. What is the highest common divisor of r and y?
20
Let i be (-48618)/292*((-1)/(-3) - 1). What is the highest common factor of 12 and i?
3
Suppose 870*z + 480 = 878*z. Let o = 0 + 0. Suppose o = v - 4*v + 60. Calculate the greatest common divisor of v and z.
20
Let y(j) = j**3 + 6*j**2 + 7*j + 19. Let b be y(-4). What is the highest common factor of 184 and b?
23
Let s = 158 + -80. Suppose 12 - s = -2*c. What is the greatest common factor of 264 and c?
33
Let i be 1*(1 - 64/(-8)). Suppose 3*m + 5*u = 2 + 28, 5*m + 5*u = 40. Suppose 2*t - 7 = m. What is the highest common divisor of i and t?
3
Let h be ((-6)/(-7))/(2/14). Suppose -4*q - 36 = -4*i, 23 = 3*i + 4*q - 18. Suppose -35 + i = -4*y. What is the highest common divisor of h and y?
6
Let l(y) = 6*y**2 - 7*y**2 - y**2 - 16*y + y**2. Let r be l(-9). Let i be (-27)/(-4) - 1/(-4). What is the highest common factor of i and r?
7
Let h = 148 - 19. What is the greatest common factor of h and 43?
43
Let i be (-595)/(-12)*2 - (-164)/(-984). Let t be 2*1 - (-2 - -2). Suppose -2*c = -16 - t. Calculate the highest common factor of c and i.
9
Let c be (-14)/(-21) + 62/6. Let v = -4 + 5. Let p be -3*v*11/(-3). Calculate the greatest common factor of c and p.
11
Let z be (-110)/(-1705) + 401/31. Calculate the greatest common factor of 9 and z.
1
Let j(g) = 3*g + 30. Let u be j(0). Let n(z) = 11*z**2 - 1. Let i be n(1). Let r = i + 0. What is the highest common divisor of u and r?
10
Suppose 4*v + 49*d - 47*d - 54 = 0, 2*d = -2*v + 22. What is the highest common factor of 8 and v?
8
Let p(l) = 29*l**3 + l**2 - 3*l + 1. Let f be p(1). Suppose -4*w + 2*d = -26, 2*w + 3*w = -2*d + f. What is the highest common factor of w and 4?
2
Let k(f) = -2*f + f - 45 - 3*f + 30. Let z be k(-7). Let g be 26/(-2 + (-48)/(-20)). Calculate the highest common factor of g and z.
13
Suppose 28 = -w + 8*w. Suppose 5*j - w*c = c + 510, -j = 5*c - 90. What is the greatest common factor of j and 40?
20
Suppose 3*m - 52 = -10. Let t(l) = -l**3 + 9*l**2 - 2*l - 46. Let u be t(8). Calculate the highest common divisor of m and u.
2
Suppose 4 = k + f + 3, -5*f + 10 = 0. Let g = 1 - k. Suppose -g*l + 23 + 87 = 0. Calculate the highest common divisor of 5 and l.
5
Suppose 3*v - g + 30 = -0*g, 5*g = 0. Let b = v + 110. Suppose s - b = -2*k - 3*s, 25 = -5*s. What is the highest common divisor of 15 and k?
15
Let h be 7/(7/54) + -8 + 2. Let j be (-20)/(-6)*(-72)/(-10). What is the highest common divisor of j and h?
24
Let x(b) = -2*b**3 - 60*b**2 + 60*b - 47. Let l be x(-31). Calculate the highest common factor of 60 and l.
15
Let i be -1 + 4 - ((-329)/7 + 5). Let x(u) = -2*u**2 + 3*u - 2. Let r be x(3). Let d be r/(-2) - (-2)/(-4). What is the greatest common divisor of i and d?
5
Let x = 933 - 438. What is the greatest common divisor of 55 and x?
55
Let c = -1189 - -1270. What is the greatest common factor of 36 and c?
9
Suppose 61 = 5*k + v, 2*k - 7 = 3*v + 14. What is the highest common divisor of 4 and k?
4
Let z = 1738 + -838. Calculate the greatest common factor of z and 18.
18
Let o(i) = -16*i. Let d be o(-1). Suppose m + 2*y - 24 = 16, 160 = 4*m - 4*y. What is the highest common factor of m and d?
8
Suppose 0 = -14*h + 4*h + 130. Let a be 2/(-4)*13*-4. What is the highest common factor of h and a?
13
Suppose 220 = 5*m + 5*h, -4*m + 4*h = -187 + 43. Let r(z) = -z**3 - 16*z**2 + 15*z - 24. Let k be r(-17). What is the highest common factor of m and k?
10
Let j be 6 - (-10)/(-5)*1. Suppose j*r - 9*r + 45 = 0. Calculate the highest common factor of 72 and r.
9
Suppose 2*u - 86 = 2*h, u + 3*h - 91 = -u. Calculate the greatest common factor of 396 and u.
44
Let j be -30*(-9)/(8 - -19). What is the greatest common factor of 80 and j?
10
Suppose 8*a - 6*a - 30 = 0. Suppose a = 5*z - 0*z. Calculate the highest common divisor of 27 and z.
3
Let l = -785 + 1076. Calculate the greatest common divisor of 3 and l.
3
Let t = 2547 - 2546. Let i(c) = c - 3. Let v be i(4). Calculate the highest common factor of v and t.
1
Suppose 4*p - 60 = -2*a + 62, 0 = -2*p - 4*a + 76. Let k be (-130)/(-10) + -17 + 11 + 301. What is the highest common factor of k and p?
28
Suppose -35*l - 51 = -38*l. Calculate the greatest common factor of l and 272.
17
Let m = 6 - -20. Let w = 736 + -486. Let o = -42 + w. What is the highest common factor of o and m?
26
Let x be 3 - 1 - (-45 - -42). What is the highest common factor of 25 and x?
5
Let i be (-6548)/(-16) + (-15)/(-20). What is the highest common factor of 10 and i?
10
Let k(i) = 25*i - 75. Let b be k(11). What is the highest common factor of 16 and b?
8
Let t = -262 - -310. What is the greatest common divisor of t and 120?
24
Let o be 8/(3*9/54). What is the greatest common factor of 976 and o?
16
Let d(h) = h**2 - 4*h + 7. Let u be d(3). Let i be u/6 + 26/6. What is the highest common divisor of i and 45?
5
Suppose -136*j + 83*j = -10600. What is the highest common factor of 125 and j?
25
Suppose -6*g + 18 = -g + 4*w, 4*g = -4*w + 16. Let c(x) = 48*x**3 - x + 3. Let v be c(g). Calculate the highest common divisor of v and 35.
35
Let f(x) be the first derivative of -x**4/4 + 3*x**3 + 21*x**2/2 + 24*x - 32. Let q be f(11). What is the greatest common factor of 117 and q?
13
Suppose -c = 2*g + 4*c + 12, 5*c + 8 = -3*g. Let x be ((21 + 3)/(-3))/(g - 6). What is the greatest common factor of 4 and x?
4
Suppose -u + 3*o + 41 = 2, 4*u = -2*o + 198. Suppose 8 = -2*h - 4*c, 10 + 30 = 5*h - 2*c. What is the highest common factor of u and h?
